Calculate w(4).
-30
Let j(v) = v**2 + 15*v + 13. Determine j(-5).
-37
Let b(z) = 5*z - 48. Give b(-7).
-83
Let b(d) = d**2 + 5*d - 2. Calculate b(-6).
4
Let b(d) = 5*d + 1. What is b(4)?
21
Let w(x) = 7*x**2 - 22*x - 9. Give w(4).
15
Let y(w) = w**3 + 5*w**2 + 2*w + 3. Calculate y(-2).
11
Let o(j) = j**3 + 11*j**2 - 12*j + 5. Calculate o(-12).
5
Let t(a) = 2*a**2 + 8*a + 2. Calculate t(4).
66
Let i(b) = -b**2 - b - 2. What is i(-2)?
-4
Let r(l) = -l**3 + 8*l**2 + 18*l + 22. Determine r(10).
2
Let s(z) = z**3 - 10*z**2 + 6*z + 18. Determine s(9).
-9
Let n(y) = -y**2 + 5*y - 7. Calculate n(2).
-1
Let o(p) = -p**3 - 2*p**2 + 6*p + 10. What is o(-4)?
18
Let j(a) = 5*a**2 + 220*a - 7. Give j(-44).
-7
Let j(f) = f**2 + 8*f + 14. Determine j(-6).
2
Let f(b) = -b**2 + b + 5. What is f(-7)?
-51
Let u(q) = -7*q + 10. Calculate u(-3).
31
Let u(g) = 4*g - 75. Give u(20).
5
Let o(h) = -15*h + 47. Calculate o(5).
-28
Let x(s) = -s**2 + s + 4. Give x(5).
-16
Let k(p) = 2*p**3 - 33*p**2 - 12*p - 90. What is k(17)?
-5
Let h(i) = i**2 - 13*i + 26. Give h(9).
-10
Let l(y) = y**3 - 10*y**2 + 9*y + 10. Determine l(9).
10
Let m(k) = k**3 + 74*k**2 + 146*k + 141. Determine m(-72).
-3
Let o(x) = -x**3 + 15*x**2 + 16*x + 5. Determine o(16).
5
Let z(b) = -5*b + 18. Determine z(-4).
38
Let h(x) = x**3 - x**2 - 17*x. Calculate h(4).
-20
Let o(n) = -28*n + 53. Calculate o(4).
-59
Let i(n) = n**2 - 2*n - 11. Calculate i(4).
-3
Let i(b) = -b**2 - 18*b - 1. Determine i(-18).
-1
Let v(m) = m + 4. Determine v(0).
4
Let o(l) = 3*l**3 + 9*l**2 + l - 4. Give o(-3).
-7
Let p(d) = -d**3 - 9*d + 22. Give p(4).
-78
Let h(a) = -a**3 + 10*a**2 - 28*a - 3. Determine h(5).
-18
Let w(z) = 33*z + 310. Give w(-10).
-20
Let d(q) = q**3 + 6*q**2 + 7*q + 7. Give d(-5).
-3
Let d(o) = o**3 - 13*o**2 - 7*o + 112. Calculate d(13).
21
Let d(b) = 2*b**2 - 9*b + 19. Determine d(3).
10
Let s(c) = -c**3 - 7*c**2 - 8*c - 3. Calculate s(-5).
-13
Let m(v) = v**2 - 5*v - 14. Give m(10).
36
Let d(u) = 18*u - 5. Calculate d(3).
49
Let u(a) = 70*a + 493. Calculate u(-7).
3
Let d(x) = 2*x**2 - 17*x - 8. Calculate d(12).
76
Let n(h) = -11*h - 200. Calculate n(-13).
-57
Let b(u) = -u**2 + 9*u + 27. Give b(10).
17
Let q(d) = -3*d**2 - 3*d + 2. Calculate q(-1).
2
Let d(t) = -8*t - 23. What is d(-3)?
1
Let w(v) = -v**3 - 7*v**2 + 260*v - 2. Determine w(-20).
-2
Let v(q) = -12*q - 4. Give v(-2).
20
Let w(j) = -j**2 + 16*j - 17. What is w(13)?
22
Let u(c) = -2*c**2 - 30*c - 41. Determine u(-13).
11
Let c(y) = -2*y - 3. Determine c(5).
-13
Let d(m) = m - 39. Calculate d(12).
-27
Let h(g) = g**3 + 5. Give h(0).
5
Let u(z) = 3*z - 36. What is u(10)?
-6
Let w(t) = 14*t + 1. Give w(-2).
-27
Let n(d) = -6*d + 121. Calculate n(20).
1
Let q(v) = -9*v - 36. Determine q(-8).
36
Let m(l) = -l + 15. Determine m(0).
15
Let b(o) = -19*o - 7. Determine b(-2).
31
Let s(b) = -45*b - 181. Calculate s(-6).
89
Let y(a) = a**2 - 7*a - 14. Determine y(-2).
4
Let o(m) = 2*m**2 + 15*m + 15. Give o(-8).
23
Let n(b) = 3*b**2 + 14*b + 22. Determine n(-8).
102
Let g(u) = 10*u**2 + 591*u + 64. Calculate g(-59).
5
Let r(d) = -d**3 + 3*d - 6. Give r(2).
-8
Let o(u) = -2*u**2 - 4*u - 3. Determine o(-3).
-9
Let l(q) = q - 2. What is l(8)?
6
Let j(z) = -z**2 - 10*z + 30. What is j(3)?
-9
Let g(l) = -2*l + 9. Determine g(-10).
29
Let s(k) = -k**2 + 37. Determine s(-6).
1
Let b(t) = t**3 - t**2 - 9*t - 5. Determine b(-3).
-14
Let x(u) = -u**3 - 7*u**2 - 4*u + 20. Give x(-7).
48
Let x(h) = -7*h + 24. Calculate x(10).
-46
Let k(u) = u**3 + 6*u**2 - u - 14. Calculate k(-6).
-8
Let x(f) = -f**3 - 11*f**2 + 10*f - 23. Give x(-12).
1
Let p(g) = -5*g + 133. Determine p(25).
8
Let n(j) = j**2 - 7*j + 16. Calculate n(7).
16
Let o(a) = 30*a + 98. Determine o(-3).
8
Let z(f) = f**2 - 19*f + 45. What is z(16)?
-3
Let b(n) = -n**2 + 19*n - 57. Give b(15).
3
Let i(p) = 5*p - 12. What is i(-5)?
-37
Let t(p) = 2*p**3 + 2*p + 2. What is t(-4)?
-134
Let p(y) = -y**3 + 16*y**2 - 6. Determine p(16).
-6
Let k(n) = 3*n - 110. Give k(28).
-26
Let n(q) = q**3 + 23*q**2 - 19*q + 115. What is n(-24)?
-5
Let m(h) = h**2 + 22*h + 37. Calculate m(-3).
-20
Let g(o) = 6*o - 16. Determine g(9).
38
Let m(d) = -d**3 - 9*d**2 + 9*d + 25. Determine m(-10).
35
Let i(m) = 16*m**3 - m**2 + 5*m + 5. Calculate i(-2).
-137
Let j(b) = 4*b**3 + 2*b**2 + 2*b + 6. Give j(3).
138
Let x(u) = -u**2 - 8*u - 10. Determine x(-4).
6
Let v(i) = -31*i + 3. Give v(4).
-121
Let m(a) = 3*a**2 - a + 3. Give m(2).
13
Let h(y) = -2*y**3 + 15*y**2 + 11*y - 10. Calculate h(8).
14
Let p(d) = -5*d - 45. Calculate p(-9).
0
Let f(u) = -u**2 - 7*u + 3. Calculate f(-5).
13
Let c(w) = -w - 15. Determine c(0).
-15
Let m(a) = -3*a - 10. What is m(-3)?
-1
Let o(u) = u**3 + 5*u**2 - 10*u - 7. Calculate o(-6).
17
Let s(v) = -v**3 + 6*v**2 - 8*v + 8. Give s(5).
-7
Let l(q) = -q**3 - 7*q**2 + 1. Determine l(-6).
-35
Let w(q) = q**3 + 48*q**2 - 3*q - 147. What is w(-48)?
-3
Let h(t) = t**2 - t - 24. Determine h(-6).
18
Let z(f) = -3*f - 12. What is z(-5)?
3
Let v(o) = 9*o**3 - 1. Give v(1).
8
Let w(b) = b**3 + 2*b**2 - 6*b - 3. Give w(-4).
-11
Let r(g) = -g**2 + 4*g + 23. Give r(7).
2
Let y(x) = -3*x**2 + 2*x + 1. What is y(2)?
-7
Let v(p) = 4*p - 9. Give v(6).
15
Let w(z) = 8*z - 34. Determine w(3).
-10
Let c(s) = -s**2 + 21*s - 58. What is c(17)?
10
Let i(p) = p - 18. What is i(6)?
-12
Let v(z) = z**3 - 6*z**2 - 15*z - 8. Determine v(8).
0
Let m(f) = f**3 - f**2 - 2*f + 3. Give m(2).
3
Let s(b) = b - 26. Determine s(27).
1
Let b(g) = -g**2 - 9*g + 13. What is b(2)?
-9
Let u(z) = 6*z + 347. Determine u(-59).
-7
Let c(t) = 5*t**3 - 2*t**2 - 4*t - 4. Determine c(-2).
-44
Let f(b) = -b**2 + 10*b - 23. Give f(7).
-2
Let c(p) = 3*p + 4. Determine c(7).
25
Let h(f) = -9*f + 6. Determine h(-8).
78
Let r(l) = -2*l - 23. Give r(7).
-37
Let c(h) = h**3 + 29*h**2 + 30*h + 52. Calculate c(-28).
-4
Let h(v) = -v**2 - 18*v - 58. What is h(-13)?
7
Let g(d) = 4*d**2 + 5. Give g(0).
5
Let d(t) = 3*t - 25. Give d(11).
8
Let o(f) = f**2 + 8*f + 7. Calculate o(-6).
-5
Let h(q) = -q + 4. Calculate h(1).
3
Let i(a) = -3*a - 11. Calculate i(-4).
1
Let h(i) = -i**2 - 19*i + 81. Calculate h(-23).
-11
Let w(l) = -l**3 + l**2 + 11. Determine w(0).
11
Let c(v) = v. Determine c(2).
2
Let b(l) = -l**2 + 4*l + 4. What is b(0)?
4
Let o(u) = -38*u**3 + u**2 - 1. Determine o(-1).
38
Let v(b) = b + 8. Determine v(16).
24
Let w(r) = -2*r**3 + 33*r**2 - 16*r + 23. Give w(16).
23
Let i(g) = g**2 - 4*g - 13. Give i(7).
8
Let n(i) = -5*i - 22. Give n(-6).
8
Let z(m) = m + 22. Determine z(-24).
-2
Let w(v) = 2*v**2 - 3. Calculate w(-4).
29
Let d(g) = 6*g**2 - 6*g - 7. Give d(4).
65
Let c(q) = 5*q**2 + 2*q + 4. Give c(3).
55
Let c(k) = 16*k + 132. What is c(-8)?
4
Let i(x) = x**3 + 20*x**2 - 21*x - 9. What is i(-21)?
-9
Let v(u) = u**3 - 10*u**2 + 17*u - 22. Give v(8).
-14
Let o(m) = m**2 - 19*m + 72. What is o(11)?
-16
Let v(n) = 2*n - 22. Give v(8).
-6
Let y(m) = -m - 25. What is y(-10)?
-15
Let t(s) = -s**2 - 13*s - 25. Give t(-2).
-3
Let x(m) = 3*m**2 - 27*m + 28. Determine x(8).
4
Let o(z) = -z**2 + 16*z - 14. Give o(16).
-14
Let m(h) = 30*h**2 - h - 1. Calculate m(1).
28
Let s(m) = -m**3 - 7*m**2 + m - 8. Calculate s(-7).
-15
Let m(g) = g**3 - 5*g**2 + 3*g + 10. Give m(4).
6
Let w(g) = g**3 + 10*g**2 - 7. Determine w(-10).
-7
Let b(y) = -12*y + 9. Give b(4).
-39
Let m(g) = g**3 - 6*g**2 + 18*g - 1. Calculate m(6).
107
Let l(o) = -2*o**2 - 2*o - 4. Determine l(-3).
-16
Let n(s) = -s**3 - 5*s**2 - 3*s - 6. What is n(-4)?
-10
Let d(l) = 90*l + 538. Give d(-6).
-2
Let f(g) = 5*g**3 + 21*g**2 + 6*g + 8. Calculate f(-4).
0
Let p(k) = -27*k**3 + k**2 + 2*k - 1. Calculate p(1).
-25
Let j(k) = 18*k**2 - k + 3. Calculate j(1).
20
Let x(g) = -9*g - 249. What is x(-25)?
-24
Let g(o) = -36*o - 69. Give g(-2).
3
Let h(m) = m**3 + 16*m**2 + 29*m + 4. Calculate h(-14).
-10
Let a(z) = z**2 - 22*z + 32. Give a(15).
-73
Let w(i) = -i**3 + 3*i**2 - 5*i + 5. What is w(1)?
2
Let v(c) = 8*c**2 + 67*c - 46. Give v(-9).
-1
Let z(w) = 2*w**3 + 6*w**2 - 9*w - 11. Calculate z(-5).
-66
Let q(l) = l**2 - 6*l - 27. Give q(13).
64
Let b(g) = -g + 8. Determine b(16).
-8
Let r(y) = -y**3 + 3*y**2 - 2*y + 4. Calculate r(3).
-2
Let a(l) = 2*l**2 + 2*l - 2. Determine a(-4).
22
Let z(n) = n**3 -